227?
2
What is the millions digit of 1556955?
1
What is the hundreds digit of 5100663?
6
What is the hundreds digit of 24950421?
4
What is the units digit of 162885?
5
What is the millions digit of 7344239?
7
What is the thousands digit of 850313?
0
What is the thousands digit of 9344150?
4
What is the thousands digit of 19098677?
8
What is the tens digit of 1371410?
1
What is the hundred thousands digit of 2028172?
0
What is the hundred thousands digit of 149796?
1
What is the hundreds digit of 4239343?
3
What is the units digit of 2120378?
8
What is the units digit of 403361?
1
What is the hundred thousands digit of 283314?
2
What is the tens digit of 9253755?
5
What is the hundreds digit of 718051?
0
What is the hundred thousands digit of 16490794?
4
What is the thousands digit of 11905959?
5
What is the hundreds digit of 15464364?
3
What is the tens digit of 121584?
8
What is the ten thousands digit of 10295987?
9
What is the hundreds digit of 3798429?
4
What is the tens digit of 505584?
8
What is the tens digit of 248512?
1
What is the units digit of 10284849?
9
What is the hundred thousands digit of 758040?
7
What is the units digit of 426548?
8
What is the tens digit of 66411?
1
What is the thousands digit of 2420872?
0
What is the thousands digit of 379270?
9
What is the units digit of 726304?
4
What is the units digit of 193682?
2
What is the ten thousands digit of 4645305?
4
What is the hundreds digit of 1645956?
9
What is the thousands digit of 588823?
8
What is the hundred thousands digit of 4404314?
4
What is the hundreds digit of 6107372?
3
What is the tens digit of 459447?
4
What is the thousands digit of 29729956?
9
What is the thousands digit of 61308?
1
What is the hundred thousands digit of 482526?
4
What is the tens digit of 6367484?
8
What is the hundred thousands digit of 1205124?
2
What is the tens digit of 89619?
1
What is the hundreds digit of 670019?
0
What is the thousands digit of 197333?
7
What is the ten thousands digit of 16385157?
8
What is the hundred thousands digit of 1865356?
8
What is the units digit of 4371138?
8
What is the units digit of 54088?
8
What is the units digit of 3217997?
7
What is the hundred thousands digit of 421935?
4
What is the units digit of 2721136?
6
What is the hundred thousands digit of 1208257?
2
What is the thousands digit of 2981203?
1
What is the ten thousands digit of 6849569?
4
What is the millions digit of 1186561?
1
What is the hundreds digit of 194979?
9
What is the hundred thousands digit of 247070?
2
What is the hundred thousands digit of 5070176?
0
What is the hundred thousands digit of 683401?
6
What is the hundreds digit of 767731?
7
What is the ten millions digit of 11346359?
1
What is the tens digit of 12754452?
5
What is the tens digit of 4267713?
1
What is the ten thousands digit of 2296467?
9
What is the ten thousands digit of 613957?
1
What is the units digit of 46680?
0
What is the millions digit of 1530697?
1
What is the units digit of 227753?
3
What is the tens digit of 190945?
4
What is the hundreds digit of 10008162?
1
What is the units digit of 23803?
3
What is the millions digit of 1039451?
1
What is the thousands digit of 32560?
2
What is the thousands digit of 527544?
7
What is the thousands digit of 1769349?
9
What is the hundred thousands digit of 411628?
4
What is the millions digit of 16776140?
6
What is the ten thousands digit of 188120?
8
What is the units digit of 142332?
2
What is the units digit of 3628576?
6
What is the thousands digit of 1144425?
4
What is the units digit of 844569?
9
What is the units digit of 3470888?
8
What is the thousands digit of 92637?
2
What is the ten thousands digit of 3634866?
3
What is the hundreds digit of 1640586?
5
What is the hundred thousands digit of 1558623?
5
What is the thousands digit of 160331?
0
What is the hundred thousands digit of 7525543?
5
What is the units digit of 1124591?
1
What is the ten millions digit of 17440453?
1
What is the thousands digit of 3705?
3
What is the thousands digit of 18208022?
8
What is the hundred thousands digit of 3992189?
9
What is the tens digit of 13581781?
8
What is the thousands digit of 29083330?
3
What is the ten thousands digit of 178354?
7
What is the units digit of 370879?
9
What is the units digit of 213003?
3
What is the tens digit of 18668693?
9
What is the ten thousands digit of 68733?
6
What is the hundred thousands digit of 604793?
6
What is the hundreds digit of 3433135?
1
What is the units digit of 6005293?
3
What is the thousands digit of 454364?
4
What is the units digit of 2867286?
6
What is the thousands digit of 22263?
2
What is the hundred thousands digit of 1165825?
1
What is the ten thousands digit of 94890?
9
What is the tens digit of 788028?
2
What is the hundreds digit of 5629534?
5
What is the hundred thousands digit of 380421?
3
What is the hundreds digit of 455036?
0
What is the units digit of 126809?
9
What is the units digit of 130453?
3
What is the hundreds digit of 29890?
8
What is the ten millions digit of 12149761?
1
What is the millions digit of 7363888?
7
What is the ten thousands digit of 1683407?
8
What is the tens digit of 18285937?
3
What is the ten thousands digit of 2766377?
6
What is the units digit of 13442903?
3
What is the thousands digit of 879823?
9
What is the thousands digit of 24467492?
7
What is the millions digit of 18308907?
8
What is the hundreds digit of 42729?
7
What is the thousands digit of 2734552?
4
What is the hundred thousands digit of 572827?
5
What is the ten millions digit of 22600745?
2
What is the units digit of 26058?
8
What is the thousands digit of 9780?
9
What is the tens digit of 205409?
0
What is the thousands digit of 276180?
6
What is the tens digit of 1269936?
3
What is the thousands digit of 30190235?
0
What is the units digit of 717248?
8
What is the thousands digit of 219157?
9
What is the hundred thousands digit of 321014?
3
What is the ten thousands digit of 1950878?
5
What is the units digit of 216883?
3
What is the ten thousands digit of 238964?
3
What is the hundred thousands digit of 128028?
1
What is the ten thousands digit of 12544292?
4
What is the hundred thousands digit of 123994?
1
What is the thousands digit of 25215106?
5
What is the hundreds digit of 92643?
6
What is the ten thousands digit of 32586?
3
What is the hundred thousands digit of 2649596?
6
What is the thousands digit of 1494196?
4
What is the thousands digit of 8377604?
7
What is the hundreds digit of 2840948?
9
What is the thousands digit of 1916397?
6
What is the ten thousands digit of 8219015?
1
What is the ten thousands digit of 686302?
8
What is the tens digit of 2000791?
9
What is the tens digit of 2441312?
1
What is the tens digit of 167959?
5
What is the millions digit of 38167334?
8
What is the units digit of 155892?
2
What is the thousands digit of 17820513?
0
What is the ten thousands digit of 8450239?
5
What is the units digit of 903998?
8
What is the units digit of 481019?
9
What is the ten millions digit of 11290418?
1
What is the tens digit of 1142779?
7
What is the thousands digit of 8093863?
3
What is the hundred thousands digit of 3995978?
9
What is the millions digit of 3605351?
3
What is the hundreds digit of 1046497?
4
What is the ten thousands digit of 247938?
4
What is the hundred thousands digit of 3493452?
4
What is the tens digit of 243514?
1
What is the thousands digit of 1756602?
6
What is the thousands digit of 5780487?
0
What is the thousands digit of 205969?
5
What is the hundred thousands digit of 18126058?
1
What is the ten thousands digit of 4310094?
1
What is the ten thousands digit of 79219?
7
What is the thousands digit of 91365?
1
What is the hundreds digit of 179836?
8
What is the units digit of 7679847?
7
What is the units digit of 814924?
4
What is the ten thousands digit of 1250665?
5
What is the hundred thousands digit of 1196298?
1
What is the hundreds digit of 926063?
0
What is the ten thousands digit of 3185162?
8
What is the thousands digit of 72509?
2
What is the units digit of 148563?
3
What is the thousands digit of 5995866?
5
What is the hundreds digit of 5045103?
1
What is the tens digit of 2956105?
0
What is the ten thousands digit of 2442903?
4
What is the